13
Let x(j) = -j**2 + 11*j + 4. Let k be x(11). Let u(h) = 21*h - 8. List the prime factors of u(k).
2, 19
Let u be 6 - 12/20*5. Let x(g) = 9*g**2 - 4*g + 2. What are the prime factors of x(u)?
71
Let y(o) = -3*o**3 + 11*o**2 + 86*o + 6. List the prime factors of y(-11).
2, 137
Let s(t) = -t + 0*t - 3*t**2 + 0*t**3 - t**3 + 4. Suppose 0 = 13*a + 20 + 32. List the prime factors of s(a).
2, 3
List the prime factors of 0/(-2) + 13/((-65)/(-3105)).
3, 23
Suppose -4*p = -3*c + 436, 147 = c - 10*p + 9*p. List the prime factors of c.
2, 19
Let n be -3 + (7 - (-2 + 1)). Suppose 2*w + 0 + 87 = z, 3*w - 448 = -n*z. What are the prime factors of z?
89
Let s(d) = d**2 - 9*d - 26. Let q be s(10). Let j = 7 - -12. Let l = j + q. What are the prime factors of l?
3
List the prime factors of -422*(4/22 + (-300)/440).
211
Let t(n) = 4*n**3 + 3*n**2 - 2*n + 4. Let r be t(-2). List the prime factors of (-246)/(-4)*((-40)/r + 0).
5, 41
Let v(p) = p**3 + 14*p**2 + 16*p + 20. What are the prime factors of v(-9)?
281
Let t = -2283 + 4871. List the prime factors of t.
2, 647
Let c(d) be the third derivative of -5*d**4/24 - 19*d**3/6 + 2*d**2. Suppose 10*a + 72 + 18 = 0. What are the prime factors of c(a)?
2, 13
Let b be (4/3)/((-1)/(-3)). Suppose 10*a - 8 = 6*a. Suppose b*u + u - 241 = -3*d, 2*u + a*d - 98 = 0. What are the prime factors of u?
47
Let z(c) = c - 8. Let x be z(11). Suppose -3*q + 2 - 6 = -4*p, -17 = 4*q - x*p. Let w(i) = -i**2 - 11*i + 6. List the prime factors of w(q).
2, 3, 5
Let h be 1 + (-3)/(-6)*2. Suppose h*m - 60 = 3*m. Let u = m + 86. List the prime factors of u.
2, 13
Let x be ((-3)/9)/((-956)/(-318) - 3). Let w = x + 73. What are the prime factors of w?
2, 5
Suppose h - 187 = 47. Suppose 3*s - h = s. Let y = s - 67. List the prime factors of y.
2, 5
Let y = 75 - 73. List the prime factors of 1/((3*y/3)/244).
2, 61
Let c = 3 + 0. Suppose 27 = c*h - 0*h. What are the prime factors of h?
3
Suppose 3643 = 5*d + 1093. Suppose 8*a = 2*a + d. What are the prime factors of a?
5, 17
Suppose t + 20 = 6*t, -1740 = -4*k + t. What are the prime factors of k?
2, 109
Let p(s) = -102*s - 31*s - 61*s + 3 - 1. What are the prime factors of p(-1)?
2, 7
Let u(c) = 2*c**3 - c**2 - 8*c - 57. List the prime factors of u(8).
839
What are the prime factors of 2268/11 - (-186)/(-1023)?
2, 103
Let o be (90/(-75))/(2/80). Let a = 32 - o. What are the prime factors of a?
2, 5
Suppose -u = -3*m + 27 - 141, -m + 521 = 4*u. List the prime factors of u.
3, 43
Let y(p) = -2*p + p - 17 - 1. Let v be y(-14). List the prime factors of (110/v + -3)*-2.
61
Let m(x) = x**2 - 9*x - 2. Let t be m(9). Suppose -3*j + 3*n + 5 = 4*n, 0 = -3*j - 4*n + 2. List the prime factors of ((-69)/t)/3*j.
23
Let n be ((-990)/(-8))/((-9)/(-24)). Suppose 5*j - 360 = n. List the prime factors of j.
2, 3, 23
Suppose -2*g - 3*g = 0, -2*g = 3*z - 3675. What are the prime factors of z?
5, 7
Suppose -13 = -5*k - 3*d + 24, 0 = -2*k + 2*d + 2. Let c(j) = -k - 4*j + j + j + 0 + j**2. List the prime factors of c(-4).
19
Let o(y) = 21*y + 1. Let c(k) = -19*k - 1. Let l(j) = 6*c(j) + 5*o(j). Suppose -f + 2*f = -3. What are the prime factors of l(f)?
2, 13
Let s(k) = 454*k + 128. List the prime factors of s(3).
2, 5, 149
Let x be (-4)/1*(-27)/(-4). List the prime factors of 6/4*(-36)/x.
2
Suppose -8*i + 125 - 29 = 0. Let n = -1 - -7. Let j = i + n. List the prime factors of j.
2, 3
Let g(w) be the third derivative of w**7/2520 - w**6/360 - w**5/30 + w**4/8 - 2*w**2. Let m(d) be the second derivative of g(d). List the prime factors of m(5).
11
Suppose -h = h - 8, -h = 4*q - 2192. List the prime factors of q.
547
Suppose 1 = 3*d + 8*o - 4*o, 0 = 5*d + 3*o - 9. Let y = 163 - 99. Suppose 0 = a + d*a - y. What are the prime factors of a?
2
Suppose -3*o - 49*k = -46*k - 7020, -k - 4 = 0. List the prime factors of o.
2, 293
Suppose 2*d - 4*y = -0*d + 24, 5*y + 34 = 3*d. Suppose 4*c - 635 = -3*u, d*c + 5*u = 6*c + 335. List the prime factors of c.
5, 31
Suppose 601*k - 607*k + 5628 = 0. List the prime factors of k.
2, 7, 67
Let o(n) be the first derivative of n**4/4 + 3*n**3 - 15*n**2/2 - 8*n + 21. List the prime factors of o(-10).
2, 3, 7
List the prime factors of (-27)/(8/(7 + -135)).
2, 3
Let i(g) = 93*g + 2. Let s(r) = 92*r + 3. Let l(d) = -2*i(d) + 3*s(d). What are the prime factors of l(1)?
5, 19
Let w be (-4)/14 - 128/(-56). Suppose w*o - 27 = 41. What are the prime factors of o?
2, 17
Let h(i) = -9*i**3 + 4*i**2 + i - 5. Let y(w) = -4*w**3 + 2*w**2 + w - 3. Let l(a) = -4*h(a) + 7*y(a). List the prime factors of l(2).
61
Suppose 5*r = 2*v - 16, 4*v - r - 1 = -5. Let s = -77 + 61. What are the prime factors of (-27)/v + (-24)/s?
3, 5
Let y(i) = 5*i**3 - 4*i**2 + 20*i - 64. List the prime factors of y(4).
2, 17
Suppose 5*o - 5*n = -115, o - 4*o - 2*n - 49 = 0. Let m = 1 + -8. Let l = m - o. What are the prime factors of l?
2, 3
Suppose 22 = -10*x - 8. What are the prime factors of (6 - 15)/(1/x)?
3
Let w(a) = 803*a**3 + 5*a**2 - 3*a + 1. What are the prime factors of w(1)?
2, 13, 31
Let h(n) = -n**2 + 20*n + 7. Let s be h(20). List the prime factors of 15/70*-2 - (-1102)/s.
157
Suppose -2*r + 0*r + 38 = 2*n, -3*r - 2*n + 62 = 0. Let j(u) = -5 - 25*u - u**3 - 3*u**2 + r*u - 8*u**2. List the prime factors of j(-11).
2, 3
Let s = -74 + 75. List the prime factors of (s*-20)/4 - -145.
2, 5, 7
Suppose -u + 3*u = 616. Suppose a - 2*n = 75, n + u = 4*a + 22. Let d = -43 + a. What are the prime factors of d?
2, 7
Let j(k) = 4*k**2 + 6*k - 6. Suppose -2*b + 3*u = u - 8, 5*b - 2*u = 17. List the prime factors of j(b).
2, 3
What are the prime factors of -2*(6 + (-1566)/4)?
3, 257
Let u(t) = -t**2 + 33*t - 15. Let j be u(16). Suppose 0 = -4*k + 111 + j. What are the prime factors of k?
2, 23
Let y(m) = 2*m**2 - 4*m - 1. Let o be 2/(0 + 2) - 3. Let v be y(o). What are the prime factors of (v/(-3) - -3) + 4?
2
Suppose 2*c - 538 - 1026 = 5*k, 4*c = 4*k + 3116. List the prime factors of c.
3, 7, 37
Suppose 3*w - 1101 - 429 = 0. List the prime factors of w.
2, 3, 5, 17
Let s be (20/(-15))/((-2)/(-18)). What are the prime factors of (224/s)/(4/(-12))?
2, 7
Suppose -l + 2641 = 44*c - 42*c, -4*l = -5*c - 10616. What are the prime factors of l?
3, 883
Let k(g) = -61*g**3 - 2*g**2 + 3*g + 28. What are the prime factors of k(-4)?
2, 3
Let y = -94 - -93. List the prime factors of 1*(4/y - -146).
2, 71
Let s = -309 + 385. What are the prime factors of s?
2, 19
Suppose 5*x = 3*m + 4485, -3*m + 1815 = -15*x + 17*x. List the prime factors of x.
2, 3, 5
Let g(b) be the third derivative of b**4/24 - 5*b**3/6 - 8*b**2. Let i be g(10). Suppose i*d = -2*d + 119. What are the prime factors of d?
17
Suppose -4*v + 1063 = -3*n, 2*n - n = -1. What are the prime factors of v?
5, 53
What are the prime factors of (71/3)/(-10 + 637/63)?
3, 71
Let f(j) = -j**2 - 3*j + 3. Let i be f(-3). Suppose i*n - n - 10 = 0. What are the prime factors of n?
5
Suppose 3*z - 8*z = -15. Suppose 2*u + z*l + 0*l - 6 = 0, -2*u = 5*l + 2. List the prime factors of u.
3
Let f(j) = 3*j + 12. Let n be f(-4). Suppose p + 3*g = 15, 4*p - 2*p - 4*g + 10 = n. What are the prime factors of p?
3
Suppose 2*s + 5*h - 396 = 0, 0 = -6*s + 2*s - 4*h + 780. List the prime factors of s - ((-6)/1 + 1).
2, 3, 11
Let u(k) = 2*k**2 - k - 15. Let i be u(-9). Suppose -y + 0*b + 36 = -2*b, -4*b + i = 4*y. List the prime factors of y.
2, 19
Suppose 5*i = -2*j + 733, 3*i + 24 - 9 = 0. What are the prime factors of j?
379
Suppose -u - 15 = -5*s, 0*u - 2*s - 2 = -2*u. Suppose 0 = -u*a + 12 + 33. List the prime factors of a*6*(-2)/(-2).
2, 3
Suppose 246*f = 245*f + 2024. What are the prime factors of f?
2, 11, 23
Let a be 296/(-56) - 4/(-14). Let t(k) = -1 + k**2 + 6 + 8*k - 4*k. List the prime factors of t(a).
2, 5
Let y(p) = 49*p - 202. What are the prime factors of y(26)?
2, 67
Suppose -5*p + 3*g - 4*g = -12, 18 = p - 5*g. Suppose -p*x - 4*b = -175, 0*x - 5*b = -x + 33. What are the prime factors of x?
53
Let y be (-16)/(-12) + (-56)/(-12). List the prime factors of 114/y - (-5 - -1).
23
Suppose 0*t - 4*t = 328. Let p = t - -220. List the prime factors of p.
2, 3, 23
Suppose 100 - 4 = a - 4*l, l = -4*a + 384. Suppose 861 = 9*o + a. What are the prime factors of o?
5, 17
Let n = 355 - 329. What are t